
Let r(l) = l - 5. Let g(y) = -1. Let u(j) = -6*g(j) + r(j). Let c be (-1)/(-2*(-2)/(-28)). What is the units digit of u(c)?
8
Let v = -8 + 19. What is the units digit of v?
1
Let g(z) = -55*z + 1. Let j be g(-1). Let t = j + -25. What is the tens digit of t?
3
Let p = 2 - -40. Suppose -2*v = v - p. What is the units digit of v?
4
Let l = 1 - -2. Suppose 4*o - l*w - 8 - 11 = 0, -2*o - 2*w + 6 = 0. Suppose 0 = -o*s - 5*d + 45, s + 0*s - d = 0. What is the units digit of s?
5
Let g = -257 + 412. What is the hundreds digit of g?
1
Let a(n) = n**2 + 2*n - 4. Let o(k) = k**3 + 9*k**2 + 5. Let f be o(-9). What is the units digit of a(f)?
1
Suppose -20*h + 14*h + 744 = 0. What is the hundreds digit of h?
1
Suppose -2*k + 13 = -5. Let c be (2/4)/((-3)/(-102)). Let l = c - k. What is the units digit of l?
8
Let r = 107 + -73. What is the units digit of r?
4
Let v(j) be the first derivative of -j**3/2 - 3*j**2/2 - j - 2. Let t(n) be the first derivative of v(n). What is the units digit of t(-4)?
9
Suppose 4*u - 7*u + 438 = 0. What is the units digit of u?
6
Let t(f) = 13*f - 30. What is the units digit of t(10)?
0
Let c(s) = s**2 - 2*s. Suppose 1 = 3*d + 2*y, 0 = -3*y - 7 - 5. Let f be c(d). Suppose -t = f*t - 28. What is the units digit of t?
7
Suppose -a = -0*j - j - 3, 0 = 2*a - 5*j - 3. Let s be (-570)/(-35) + a/(-14). Suppose 2 = 3*f - s. What is the units digit of f?
6
Let b = 10 + -6. Let q = b - -7. What is the units digit of q?
1
Suppose -4*h + 10 = -2*h. Suppose 0 = -2*f - 4*j + 14, f = j + 2 + 2. Suppose -4*s + 19 = h*r, -4*r + f = 2*s - 3*r. What is the units digit of s?
1
Let q = -18 - -35. What is the units digit of q?
7
Let j = 205 + -131. What is the tens digit of j?
7
What is the tens digit of (-13)/(-1 + 8/10)?
6
Let h(d) = -d**3 + 7*d**2 - 7*d + 17. What is the units digit of h(6)?
1
Suppose 3*x = 4*x + 1. Let b(o) = -29*o**3 - o**2 + o + 1. What is the units digit of b(x)?
8
Let a(g) = -g + 9. Let r be a(8). Suppose 0 = -2*z + 4*z + 3*i + r, 2*z = i + 3. What is the units digit of z?
1
Suppose 17 = -5*i + 2, -45 = -3*x - 2*i. Let y be 2 + x + (0 - -1). Let k = y + -12. What is the units digit of k?
8
Let t(v) = v**3 - 3*v**2 + 4. Suppose k = 5*q + 20, k - q = q + 11. What is the units digit of t(k)?
4
Let r = 2 - -13. Suppose 3*f - 5*g = 6*f - r, f + 2*g = 6. What is the units digit of 2/(0 - -2) - f?
1
Suppose 2*h - 3*v = h + 11, 4*v = -8. Let k be 23/5 - (-2)/h. Suppose k = -a + 8. What is the units digit of a?
3
Let b be ((-12)/(-7))/((-16)/(-56)). Suppose 0 = 3*m - 6, b*m + 4 = p + 2*m. What is the tens digit of p?
1
Let p = -193 + 195. What is the units digit of p?
2
Let l(g) = -g**2 + 3. Let w be l(3). Let k(v) = 3*v**2 + 7*v. Let j(p) = -p**2. Let f(i) = -2*j(i) - k(i). What is the units digit of f(w)?
6
What is the tens digit of 8/14*7*1 - -49?
5
Suppose 5 = -4*u + 21. Suppose 0 = -5*s + 5*r - 1 - 4, 3*s - 18 = -u*r. Suppose -25 = -5*g, -s*h = 3*h + 5*g - 115. What is the units digit of h?
8
Let a(p) = 2*p**3 - 9*p**2 + 2*p. What is the tens digit of a(6)?
2
Let u = 5 + -4. Suppose -5*g + 2*h + 72 = 0, 4*h - u = 5*g - 65. What is the tens digit of g?
1
Suppose 5*d = 2*d + 4*t + 250, 0 = -3*d + t + 238. Let m be (1/2)/(3/d). Let s = -7 + m. What is the units digit of s?
6
Suppose -13*w = -3249 + 1195. What is the units digit of w?
8
Let l(s) = s**2 - 7*s - 13. What is the units digit of l(-4)?
1
Let x(t) = t**3 + 6*t**2 - 5*t + 9. Let l be x(-7). Let j = 11 + l. What is the units digit of j?
6
Suppose -i + 5*i = 4*v + 24, 0 = -v - 5. Let h be 23*i - (-2 - -2). Suppose -3*p + 16 + h = 0. What is the tens digit of p?
1
Let n(w) = -3*w**3 - w**2 - 2. Let b be n(-4). Suppose b = 5*u - 61. What is the tens digit of u?
4
Let p = -3 + 7. Suppose p*c - 3 = 5. Suppose 11 = c*y - 21. What is the tens digit of y?
1
Suppose k + 5*o + 1 = 15, -3*k + 5*o + 2 = 0. What is the tens digit of 6/k - (-729)/18?
4
Let z(n) = n**3 + 6*n**2 - 9*n + 2. Let a(g) = g + 42. Let t be a(0). Let c be (4/(-6))/(4/t). What is the tens digit of z(c)?
1
Suppose 0 = -4*l - 5*l + 1647. What is the hundreds digit of l?
1
Let l be 2/(-2) + (-120)/(-5). Let n = l - 1. What is the units digit of n?
2
Suppose -f + 193 = 2*v, 5*f + 3*v = 2*f + 591. What is the tens digit of f?
0
Suppose p - 2*a + 5 = -0*a, 2*a = 10. Suppose -p*o + 60 = 5*n - 0, 5*n = -3*o + 62. What is the units digit of n?
3
Suppose -5*j - 3*f - 28 = 0, -5*j + 3*f = 1 + 51. Let l = -32 - -20. Let n = j - l. What is the units digit of n?
4
Let f(h) = 6*h**3 - 8*h**2 + 8*h - 3. Let v(x) = -7*x**3 + 8*x**2 - 8*x + 3. Let w(z) = -6*f(z) - 5*v(z). What is the units digit of w(6)?
7
Suppose 0 = -r - 0*r. Suppose -3*f - 6 = r, -3*n + 4*f + 32 = -n. What is the tens digit of n?
1
Suppose 13*c - 10 = 11*c. What is the units digit of c?
5
Let r(c) = c**3 + 4*c**2 - 5*c + 5. Let h be r(-5). Suppose p - 24 = -2*p - h*u, -5*p + 40 = -2*u. What is the units digit of p?
8
Suppose -6*b + 5 = -1. What is the units digit of b?
1
Let a = -80 - -142. Let k = a + -37. What is the units digit of k?
5
Let y = 64 + -3. What is the tens digit of y?
6
Suppose -9 = s - 14. What is the units digit of s?
5
Suppose -x - 6 = 2*x. Let v be x/(5/(70/4)). Let c = 6 - v. What is the tens digit of c?
1
Suppose 5 = -m + 2*m. Suppose s = m*k - 9, -2*k + 3 = 5*s + 21. Let h(f) = 2*f**3 - f**2 + 1. What is the units digit of h(k)?
2
Let q = -1 - -2. Let d = q - -1. Suppose -y + 6 = -0*y - 4*p, -3*p = -d*y + 22. What is the units digit of y?
4
Let i(a) = -13*a**2 + 4*a**3 - 3*a**3 - 3 + 6*a + 8*a**2. What is the tens digit of i(5)?
2
Let q = 4 - 3. Let m be q + 0 + -2 - 9. What is the units digit of ((-2)/5)/(2/m)?
2
Let y be 0 - 0 - (-60)/(-4). What is the units digit of (-6)/(-9)*y/(-2)?
5
Let m(a) = -a**2 - 8*a - 7. Let x(s) be the first derivative of -5*s**3/3 + s**2/2 - s + 4. Let d be x(1). What is the units digit of m(d)?
8
Suppose -o - 5*y + 75 = 0, -5*o + y + 295 = 24. Let l = -24 - -32. Suppose l*g = 3*g + o. What is the units digit of g?
1
Let l be ((-4)/16)/(1/(-4)). What is the tens digit of 11 + (-2)/(1 + l)?
1
Suppose -133 = -s - 19. What is the hundreds digit of s?
1
Let k(c) = 3*c**2 + 4*c + 5. What is the units digit of k(6)?
7
Let g(z) = z**3 - 5*z**2 - 2*z - 7. Let t be g(6). Let c = 12 - t. Let i = c + 23. What is the tens digit of i?
1
Suppose -2*o = o - 9. Suppose -2*r - 5 = l + 2*l, -3*r = o*l. Suppose r*u - 4 = u. What is the units digit of u?
1
Suppose 20 = 3*j + 5. Suppose 50 = 2*n - 3*d + d, d = -j*n + 119. Suppose 5*r = n + 46. What is the units digit of r?
4
Let o(v) = v**2 + 2. Let q = -4 - -6. Suppose 3*d + 4 = -q. What is the units digit of o(d)?
6
Suppose 0*v - 3*v + 6 = 0. Suppose -3*x + v - 12 = 2*l, -11 = 2*x - 3*l. Let o(n) = n**3 + 4*n**2 - 2*n - 5. What is the units digit of o(x)?
3
Let z be (11 - -1 - 2) + 0. Suppose j + 0*j - z = 0. What is the units digit of j?
0
Let k(y) = -34*y + 9. What is the hundreds digit of k(-4)?
1
Suppose 2*v - 3*v + 23 = 0. What is the tens digit of v?
2
What is the units digit of (-3 - 0)*129/(-9)?
3
Let a = 64 + -43. What is the tens digit of a?
2
Let h = 44 - -142. What is the tens digit of h?
8
Suppose -5*k = -a - 79 - 78, -2*k - a = -60. What is the units digit of k?
1
Let u(t) = -44*t - 16. What is the hundreds digit of u(-6)?
2
Suppose -2*v + 7*v = 265. What is the tens digit of v?
5
Suppose -5*p = -25, 2*u + p - 11 = -u. Suppose -4*x + y - 6*y - 10 = 0, -x - u = y. Let v = 3 + x. What is the units digit of v?
3
Suppose 2*g = -g. Let x(m) = -m**3 + m**2 + 14. Let v be x(g). What is the units digit of 4/v + (-19)/(-7)?
3
Let j be (-6)/8 - (-27)/4. Suppose -u - 2*x + 3*x = 9, -3*x - j = 0. Let r = u + 21. What is the units digit of r?
0
Let n be 2/(-2)*(-8)/(-8). Suppose 14 = -5*f + 4. What is the tens digit of (36/f + n)*-1?
1
Suppose 2 = -2*j - 8, 40 = 5*q + 2*j. Let w = q - 5. Let t = w + 1. What is the units digit of t?
6
Suppose -15 = -5*i, -3*i + 8*i - 311 = -4*f. What is the units digit of f?
4
Suppose 0 = -4*l + 12, 5*s + 15 + 4 = 3*l. Let i be (6/(-4))/(1/s). Suppose 28 = c + 4*r + r, 4*c + i*r - 27 = 0. What is the units digit of c?
3
Suppose 0 = -2*b + 40 + 42. What is the tens digit of b?
4
Let j(v) = -3*v**2 + 11*v - 8. Let z(x) = 2*x**2 - 11*x + 8.